 7, 19, 1171
What are the prime factors of 755400?
2, 3, 5, 1259
What are the prime factors of 110242?
2, 11, 5011
What are the prime factors of 149787?
3, 11, 17, 89
What are the prime factors of 7102174?
2, 757, 4691
List the prime factors of 14019561.
3, 173081
What are the prime factors of 534996?
2, 3, 7, 11, 193
List the prime factors of 1954271.
11, 31, 521
What are the prime factors of 876039?
3, 43, 6791
List the prime factors of 2866318.
2, 7, 13, 15749
What are the prime factors of 35286984?
2, 3, 490097
List the prime factors of 430723.
430723
List the prime factors of 10798.
2, 5399
List the prime factors of 290864.
2, 7, 53
List the prime factors of 14188519.
14188519
What are the prime factors of 8049633?
3, 2683211
List the prime factors of 807668.
2, 23, 8779
List the prime factors of 275291.
19, 14489
What are the prime factors of 12295147?
19, 647113
List the prime factors of 662747.
47, 59, 239
What are the prime factors of 3400747?
7, 69403
What are the prime factors of 5331676?
2, 7, 17, 23, 487
What are the prime factors of 3357573?
3, 401, 2791
List the prime factors of 22542026.
2, 13, 867001
List the prime factors of 101654.
2, 7, 53, 137
List the prime factors of 1363846.
2, 11, 47, 1319
What are the prime factors of 899592?
2, 3, 37483
What are the prime factors of 569519?
251, 2269
What are the prime factors of 21658861?
7, 3094123
What are the prime factors of 155140?
2, 5, 7757
List the prime factors of 520469.
461, 1129
List the prime factors of 1959560.
2, 5, 48989
List the prime factors of 3228634.
2, 1614317
List the prime factors of 724076.
2, 181019
What are the prime factors of 1027003?
1027003
What are the prime factors of 1698532?
2, 11, 38603
List the prime factors of 874726.
2, 437363
List the prime factors of 3929995.
5, 109, 7211
List the prime factors of 9561928.
2, 23, 157, 331
What are the prime factors of 2537166?
2, 3, 422861
List the prime factors of 3049548.
2, 3, 47, 5407
List the prime factors of 19753833.
3, 11, 71, 8431
What are the prime factors of 10553104?
2, 659569
What are the prime factors of 1442877?
3, 480959
What are the prime factors of 2791602?
2, 3, 11, 23, 613
List the prime factors of 1288756.
2, 7, 46027
What are the prime factors of 195417?
3, 21713
List the prime factors of 1246541.
31, 79, 509
List the prime factors of 3693661.
3693661
What are the prime factors of 108380?
2, 5, 5419
List the prime factors of 447914.
2, 281, 797
List the prime factors of 982325.
5, 39293
List the prime factors of 946330.
2, 5, 7, 11, 1229
What are the prime factors of 3794129?
19, 397, 503
What are the prime factors of 8286?
2, 3, 1381
What are the prime factors of 12348561?
3, 4116187
List the prime factors of 3363117.
3, 107, 10477
List the prime factors of 906408.
2, 3, 12589
List the prime factors of 15242613.
3, 487, 10433
List the prime factors of 18590241.
3, 6196747
List the prime factors of 1912715.
5, 7, 37, 211
List the prime factors of 7097727.
3, 7, 13, 25999
List the prime factors of 3016629.
3, 7, 11, 1451
What are the prime factors of 218724?
2, 3, 11, 1657
List the prime factors of 2217838.
2, 7, 53, 61
What are the prime factors of 3210263?
7, 17, 53, 509
List the prime factors of 13899243.
3, 167, 27743
List the prime factors of 8048863.
29, 277547
What are the prime factors of 33741355?
5, 29, 232699
List the prime factors of 1723149.
3, 191461
What are the prime factors of 252246?
2, 3, 17, 2473
What are the prime factors of 1826037?
3, 67631
List the prime factors of 307858.
2, 153929
What are the prime factors of 3654646?
2, 103, 113, 157
What are the prime factors of 1017070?
2, 5, 19, 53, 101
What are the prime factors of 103311?
3, 13, 883
What are the prime factors of 21266402?
2, 431, 24671
What are the prime factors of 833076?
2, 3, 73, 317
List the prime factors of 7191639.
3, 7, 13, 2927
What are the prime factors of 7209047?
1399, 5153
What are the prime factors of 657225?
3, 5, 23, 127
What are the prime factors of 22976775?
3, 5, 17, 6007
What are the prime factors of 1077930?
2, 3, 5, 7, 29, 59
List the prime factors of 902176.
2, 11, 233
List the prime factors of 568828.
2, 13, 10939
List the prime factors of 77458.
2, 38729
List the prime factors of 743227.
439, 1693
List the prime factors of 9073253.
7, 233, 5563
List the prime factors of 2141585.
5, 19, 22543
List the prime factors of 724597.
724597
List the prime factors of 1227103.
1227103
What are the prime factors of 2157737?
2157737
List the prime factors of 1784375.
5, 571
What are the prime factors of 11514329?
23, 79, 6337
What are the prime factors of 1669402?
2, 7, 119243
What are the prime factors of 569780?
2, 5, 31, 919
What are the prime factors of 64144?
2, 19, 211
What are the prime factors of 1004007?
3, 43, 181
List the prime factors of 10013176.
2, 109, 11483
What are the prime factors of 219501?
3, 29
List the prime factors of 33264853.
743, 44771
What are the prime factors of 921447?
3, 43, 2381
List the prime factors of 7163199.
3, 491, 1621
List the prime factors of 2992978.
2, 1496489
What are the prime factors of 769829?
43, 17903
What are the prime factors of 396022?
2, 11, 47, 383
What are the prime factors of 654014?
2, 327007
List the prime factors of 12657201.
3, 127, 139, 239
List the prime factors of 313597.
313597
List the prime factors of 125646.
2, 3, 43, 487
What are the prime factors of 4549881?
3, 7, 216661
List the prime factors of 434936.
2, 54367
List the prime factors of 221659.
221659
List the prime factors of 200514.
2, 3, 23, 1453
List the prime factors of 274942.
2, 23, 43, 139
What are the prime factors of 68440?
2, 5, 29, 59
What are the prime factors of 24450160?
2, 5, 7, 43661
What are the prime factors of 929001?
3, 309667
List the prime factors of 138200.
2, 5, 691
What are the prime factors of 9693036?
2, 3, 269251
List the prime factors of 9259142.
2, 31, 149341
What are the prime factors of 183404?
2, 13, 3527
What are the prime factors of 6921013?
11, 541, 1163
List the prime factors of 5124916.
2, 1281229
What are the prime factors of 19795713?
3, 7, 942653
What are the prime factors of 854927?
854927
List the prime factors of 1509072.
2, 3, 149, 211
List the prime factors of 701624.
2, 7, 11, 17, 67
List the prime factors of 19789809.
3, 13, 507431
List the prime factors of 3642903.
3, 11, 31, 1187
What are the prime factors of 438940?
2, 5, 17, 1291
List the prime factors of 667577.
667577
List the prime factors of 178621.
178621
What are the prime factors of 28359120?
2, 3, 5, 118163
List the prime factors of 16767876.
2, 3, 311, 4493
What are the prime factors of 144455?
5, 167, 173
What are the prime factors of 536650?
2, 5, 10733
List the prime factors of 10745707.
7, 1535101
What are the prime factors of 116578?
2, 7, 11, 757
List the prime factors of 247473.
3, 31, 887
What are the prime factors of 28728697?
1061, 27077
List the prime factors of 259498.
2, 129749
List the prime factors of 150076.
2, 17, 2207
List the prime factors of 3861335.
5, 71, 73, 149
List the prime factors of 757239.
3, 7, 107, 337
What are the prime factors of 1146022?
2, 29, 19759
List the prime factors of 1305898.
2, 11, 59359
What are the prime factors of 11643?
3, 3881
List the prime factors of 24433570.
2, 5, 7, 349051
List the prime factors of 21223143.
3, 2358127
What are the prime factors of 344003?
11, 2843
List the prime factors of 912382.
2, 97, 4703
List the prime factors of 218941.
218941
List the prime factors of 31539.
3, 10513
List the prime factors of 1308524.
2, 7, 17, 2749
List the prime factors of 16432218.
2, 3, 11, 37, 2243
List the prime factors of 9749994.
2, 3, 521, 3119
What are the prime factors of 9893001?
3, 677, 4871
What are the prime factors of 95832?
2, 3, 11
What are the prime factors of 1801788?
2, 3, 53, 2833
List the prime factors of 5830004.
2, 1457501
List the prime factors of 175750.
2, 5, 19, 37
List the prime factors of 329782.
2, 181, 911
What are the prime factors of 36271675?
5, 11, 41, 3217
What are the prime factors of 14006595?
3, 5, 239, 3907
List the prime factors of 237059.
37, 43, 149
List the prime factors of 1164805.
5, 232961
What are the prime factors of 23836?
2, 59, 101
List the prime factors of 1933